3. Is m(o) a prime number?
False
Suppose 5*k - 4*w - 1 - 29 = 0, -k - 13 = 3*w. Let i be 1/(k/(-3) + 1). Suppose -5*n - 25 = -i*a + 15, 3*a - 42 = 3*n. Is a a prime number?
False
Let o = 22 - 20. Is -4 - (o*-37)/2 a composite number?
True
Suppose 4*w - 907 = 3*w. Is w a composite number?
False
Let w = 315 - 56. Is w a composite number?
True
Suppose -5*o - 5 = 3*l, -4*o - 4 = 4*l + 8. Let s(v) = -34*v**3 - 5*v**2 - 3*v + 3. Let g be s(-3). Suppose -m - o*m = -g. Is m a prime number?
False
Let d(m) = 16*m - 22. Is d(14) prime?
False
Let g = -7 + 5. Is 3 - (g - 183) - 3 prime?
False
Suppose -z + 3*z = 156. Is z/4*(4 - 2) prime?
False
Suppose -4*c - 442 + 1666 = 4*x, 1 = -c. Is x a prime number?
True
Let d(x) = x**3 + 4*x**2 - 5*x + 2. Let q be d(-5). Suppose 48 = q*b - 4. Is b prime?
False
Suppose 2*y - 5*y - 87 = -f, 5*f - 127 = 4*y. Is (-2168)/y + (-3)/7 composite?
True
Let l(r) = -17*r - 1. Let i(x) = 67*x + 4. Let y(c) = 2*i(c) + 9*l(c). Is y(-2) a prime number?
True
Let j = -2769 + 5162. Is j prime?
True
Let a be (7 - 3) + 1 - 3. Is (62/a)/(3/15) a composite number?
True
Suppose 116 = 2*v + 2*c, 2*c = -4*v - c + 232. Is v a prime number?
False
Let m(i) = -i**3 - 8*i**2 - i - 4. Let p be m(-6). Let r = p - -113. Suppose 12 = 5*n - r. Is n a prime number?
True
Let q = 980 - 481. Is q composite?
False
Let y = 3 - -2. Let i be 717/5 - 2/y. Suppose 4*k - 5*h - i = 0, -3*k = -4*h + 29 - 136. Is k composite?
False
Suppose 0*m = -5*m + 380. Let l = -2 + 5. Suppose -l*u = u - m. Is u a composite number?
False
Let b(k) = 2*k**3 - 4*k**2 + 4*k - 3. Let n be b(2). Suppose n*w - 4*l - 490 = 0, 4*w + l - 90 = 281. Is w prime?
False
Let l(b) = -2*b + 3*b**3 + 1 - 2*b**2 + 2*b**3 + 2*b. Is l(2) a prime number?
False
Let u(s) = -s**2 - 22*s - 8. Let j be u(-12). Let c = -23 + j. Is c a prime number?
True
Let c be ((-5)/(-2))/(3/6). Suppose -c*j = 2 - 27. Suppose -t - 124 = -j*t. Is t composite?
False
Suppose 3*y = -y + 20. Suppose 19 - 4 = 5*j. Suppose -j*m - 98 = -y*m. Is m prime?
False
Suppose -16 = -3*o + 4*d - 8*d, 4*o - d - 53 = 0. Suppose 2*h - 27 = h - 3*n, 3*n = -o. Is h prime?
False
Let r = 568 - -83. Let n = r + -206. Is n a composite number?
True
Let j(z) be the second derivative of -z**4/12 - 7*z**3/6 + z**2 - 2*z. Let w be j(-5). Let c = 2 + w. Is c a composite number?
True
Suppose -12 = 4*q - 7*q. Is ((-5)/q)/(3/(-84)) composite?
True
Suppose 12 = -0*h + 2*h - 4*l, 0 = 3*h + l - 11. Let b = -7 - 11. Is 4/(-3)*b/h prime?
False
Is 1*2049*(6 - 102/18) composite?
False
Let i be 1*2 - (-6 - 0). Let a(p) = -p + 19. Let g be a(i). Suppose 2*f = -g + 613. Is f prime?
False
Let a(q) = -16*q**3 - 2*q**2 - 3*q + 2. Let v be a(-3). Is v/20 - 1/4 prime?
False
Suppose 4*o + 3*u - 11 = 0, 5*u = -16 + 1. Is (18 + 1)*(o - 4) a composite number?
False
Suppose 0*k - 5 = 5*k. Let p = -5 - -7. Is 2/k + 82/p prime?
False
Let h = -13 - -22. Let p = -4 + 9. Let y = h + p. Is y composite?
True
Suppose 0 = -3*p - 2*p + 5, 2*i - 7 = -3*p. Suppose -2*y = -10, 4*k = -2*y - i*y + 888. Is k a prime number?
False
Suppose -2*h + 1040 = 2*q, q + 3*h - 528 = -0*h. Let g = -63 + q. Suppose g = 3*i - 4*m, 2*i + 2*m + 614 = 6*i. Is i prime?
False
Let r = 2 - 3. Is 134*(1 - r/(-2)) composite?
False
Suppose -5*f - 4*p + 245 = p, p = -2*f + 97. Suppose 4*t + k - 336 = 0, -k = -5*t + 526 - 97. Let h = t - f. Is h prime?
True
Suppose 3*l - 4028 + 1199 = 0. Is l prime?
False
Let m(q) = 1. Let v(s) = s**3 + 9*s**2 + 9*s - 5. Let r(b) = 6*m(b) + v(b). Is r(-6) a composite number?
True
Let i(j) = -j**2 - 2*j. Let q be -1 - (-4)/((-4)/2). Let s be i(q). Let z(l) = -2*l + 1. Is z(s) a composite number?
False
Suppose 3*g + 2*d - 751 = 0, 5*g + 21 = -4*d + 1272. Is g prime?
True
Let a(f) = -21*f - 22. Is a(-13) a prime number?
True
Suppose q - 612 = -3*q. Suppose -q - 21 = -2*u. Is u composite?
True
Let f = 55 - 28. Suppose a - 2*a + 2*x = -17, -3*x - 57 = -5*a. Is 6/f - (-997)/a a prime number?
False
Suppose -120 = -5*f - 5*l, 3*f = -f - 5*l + 97. Is f prime?
True
Suppose -a + 1311 = 2*o, -4*o = -a + 959 + 376. Is a prime?
True
Suppose 0 = b + 5*p - 484, 0 = 2*b - b + 2*p - 493. Is b prime?
True
Suppose -2*d + 8 = 4*c - 0, 2*d - 10 = -5*c. Let f(q) = q**3 - q**2 + 83. Is f(d) composite?
False
Suppose 4*w + s = -0*s - 33, -5*s - 13 = w. Let g = w - -5. Is (-37)/(-1*(g + 4)) a composite number?
False
Let q(h) = -3*h**3 - 2*h**2 - h. Let o be q(-1). Suppose o*n = n + 2. Suppose 0 = 2*s + n*s - 152. Is s a composite number?
True
Let d = 1 + -3. Let r be d/8 + (-2)/(-8). Suppose -2*p + p + 169 = r. Is p a composite number?
True
Let s = 4724 - 3356. Let w = s + -713. Suppose -5*o + 824 = 3*u, 0 = -3*o + 7*o + u - w. Is o prime?
True
Suppose -2*y + 3*y - 5*m = 594, 2353 = 4*y + 3*m. Is y a prime number?
False
Is (-1 - -4)*-79*-1 composite?
True
Let t(c) = 22*c**2 + 9*c - 10. Let v(l) = -7*l**2 - 3*l + 3. Let b(z) = -2*t(z) - 7*v(z). Is b(-4) a composite number?
False
Let o = -728 + 1047. Is o a composite number?
True
Suppose 2*a = n + 3*a - 112, 4*n - 472 = 4*a. Let x = 178 + n. Is x prime?
True
Suppose 2*c - 4 = -0, 451 = 5*z - 2*c. Is z prime?
False
Let c = 28 + 15. Is c composite?
False
Suppose 4*d - 3*d = 557. Is d a prime number?
True
Let j(v) = v**3 - 5*v**2 - 3*v + 8. Suppose -4*u - 4 + 28 = 0. Is j(u) composite?
True
Let b = -166 + 17. Is (-1)/4 - b/4 prime?
True
Let b = 3 + -2. Let y be 1 - b - (-12 - -6). Is y/(-21) + (-835)/(-7) prime?
False
Let y be 64/(-12) - 4/6. Let p(o) = -o - 2. Let d be p(y). Suppose 1 = -3*q - 2, d*q - 45 = -b. Is b a prime number?
False
Let a(c) = c**3 - 5*c**2 + 6*c - 6. Let l be a(4). Suppose 0 = 6*p - l*p. Suppose 1 = -b - 0, 3*n - 3*b - 21 = p. Is n a prime number?
False
Let q(f) = -9*f - 11. Let a(k) = 13*k + 17. Let n(t) = -5*a(t) - 7*q(t). Let i be n(-6). Suppose -i*d + 201 = -d. Is d a prime number?
True
Let o(a) = a**3 - 5*a**2 + 2*a - 1. Let m be o(5). Is (-68)/(-6) + (-3)/m prime?
True
Suppose o - 7*d = -2*d + 926, -5*o - d = -4500. Is o composite?
True
Let m be (-2 + 0 + 1)*1. Let h(u) = 27*u**2 - 2*u - 1. Let d be h(m). Suppose 42 = 2*p - d. Is p composite?
True
Let f = 16 + -14. Suppose 0 = -f*p + 3*r + 245, -2*r = 4*p - 5*r - 499. Is p a composite number?
False
Let q(j) = 7*j - 4. Let r be q(-6). Let l be 1*2/(-4)*r. Suppose -5*z - l = -288. Is z composite?
False
Let l(f) = 37*f**2 + 3*f - 3. Is l(-5) prime?
True
Let j(s) = 27*s**2 + s - 1. Is j(6) a composite number?
False
Is ((-4)/(-6))/((-2)/(-483)) a prime number?
False
Suppose 3*b - 5*b + 10 = 0, -4*b = 3*k - 20. Let t(n) = -1. Let i(m) = -m**2 + m + 22. Let z(o) = i(o) + t(o). Is z(k) composite?
True
Let l be 20/6 - (-1)/(-3). Suppose -4*s - 2*x + 321 = -3*x, -l*x + 301 = 4*s. Is s a composite number?
False
Let c be (18/(-30))/(2/(-20)). Suppose -c*j + 1201 = -2*j + i, j = 5*i + 274. Is j composite?
True
Is (-16566)/(-10) + (-24)/(-60) composite?
False
Let f be ((-2)/(-6))/(4/852). Let o = 20 + f. Is o a prime number?
False
Let v be (1 - -3)*92/8. Suppose 3*a - v = -4*k + 4*a, -5*a + 45 = 5*k. Is k prime?
True
Suppose -2*u - 3 = -4*l + 13, l - 5 = u. Let o be u/(-4) - 18/(-4). Is (-4 + o)/(1/211) prime?
True
Is (7/2)/(15/2130) a composite number?
True
Suppose -i - 61 + 470 = 0. Is i prime?
True
Let a = 2 + 0. Is ((-4)/8)/(a/(-652)) prime?
True
Let y(r) = 2*r**2 - 6*r + 1. Is y(7) composite?
True
Let g be (-80)/(-24) + (-2)/(-3). Suppose g*a - 299 = 177. Is a a composite number?
True
Let c be (-2 - 3/(-2))*6. Let a = -1 - c. Is 0 + 2 - (a - 9) prime?
False
Suppose 6 - 2 = j - z, 5*j + 4*z - 20 = 0. Let d be 10/j*(-12)/(-15). Suppose d*r + r = 159. Is r a prime number?
True
Suppose -5*j = 4*w + 2636, -j + 20 = -6*j. Is 3/(-6) - w/4 a composite number?
False
Let d(p) = p - 10. Let y be d(8). Let x be 33/2 + y/(-4). Suppose -11 - x = -2*o. Is o composite?
True
Is 2 + -1 - -4481 - -5 a prime number?
False
Let s be 814/4 - 3/6. Suppose -4*q + 84 + 367 = 3*j, 2*q - s = 3*j. Is q a composite number?
False
Let a = 3 - -3. Is (-4)/a - 77/(-3) composite?
True
Let d = 5 + -3. Suppose 2*m + 29 = -3*a + 12, 0 = -d*m - 2. Let u = 10 - a. Is u a prime number?
False
Let n(h) = -4*h**3 - 9*h**2 - 6*h - 3. Let x(z) = -z**3 + z + 1. Let w(g) = -n(g) + 3*x(g). Let u be w(-8). Is u*37*(-1)/2 a prime number?
Tr